{"id":5371,"date":"2026-01-02T11:05:58","date_gmt":"2026-01-02T10:05:58","guid":{"rendered":"https:\/\/www.powertrade.fr\/?page_id=5371"},"modified":"2026-01-02T11:11:13","modified_gmt":"2026-01-02T10:11:13","slug":"passez-au-niveau-superieur-v3","status":"publish","type":"page","link":"https:\/\/www.powertrade.fr\/index.php\/passez-au-niveau-superieur-v3\/","title":{"rendered":"Passez au niveau sup\u00e9rieur"},"content":{"rendered":"\t\t<div data-elementor-type=\"wp-page\" data-elementor-id=\"5371\" class=\"elementor elementor-5371\">\n\t\t\t\t<div class=\"elementor-element elementor-element-fc3d50c e-flex e-con-boxed e-con e-parent\" data-id=\"fc3d50c\" data-element_type=\"container\" data-e-type=\"container\">\n\t\t\t\t\t<div class=\"e-con-inner\">\n\t\t\t\t<div class=\"elementor-element elementor-element-c9ee3db elementor-widget elementor-widget-html\" data-id=\"c9ee3db\" data-element_type=\"widget\" data-e-type=\"widget\" data-widget_type=\"html.default\">\n\t\t\t\t<div class=\"elementor-widget-container\">\n\t\t\t\t\t<style>\r\n\r\n\r\n.pricing-container {\r\n  max-width: 1100px;\r\n  margin: auto;\r\n  padding: 40px 20px;\r\n  text-align: center;\r\n}\r\n\r\nh1 {\r\n  margin-bottom: 10px;\r\n}\r\n\r\n.switch {\r\n  margin: 20px 0;\r\n}\r\n\r\n.switch button {\r\n  border: none;\r\n  padding: 10px 20px;\r\n  margin: 0 5px;\r\n  font-weight: bold;\r\n  border-radius: 20px;\r\n  cursor: pointer;\r\n  background-color: #f0f0f0;\r\n  color: #000;\r\n}\r\n\r\n.switch button.active {\r\n  background-color: #ff0000;\r\n  color: #fff;\r\n}\r\n\r\n.pricing-grid {\r\n  display: flex;\r\n  justify-content: center;\r\n  gap: 20px;\r\n  flex-wrap: wrap;\r\n  margin-top: 30px;\r\n}\r\n\r\n.card {\r\n  background-color: #f9f9f9;\r\n  border-radius: 10px;\r\n  box-shadow: 0 0 10px rgba(0,0,0,0.1);\r\n  flex: 1;\r\n  max-width: 300px;\r\n  padding: 0;\r\n  overflow: hidden;\r\n  border-top: 8px solid #ff0000;\r\n  display: flex;\r\n  flex-direction: column;\r\n  justify-content: space-between;\r\n}\r\n\r\n.card h2 {\r\n  background-color: #000;\r\n  color: #fff;\r\n  padding: 15px 0;\r\n  font-size: 22px;\r\n  margin: 0;\r\n}\r\n\r\n.price {\r\n  font-size: 26px;\r\n  font-weight: bold;\r\n  color: #ff0000;\r\n  margin: 20px 0;\r\n}\r\n\r\n.card ul {\r\n  list-style: none;\r\n  padding: 0 20px;\r\n  text-align: left;\r\n  margin-bottom: 20px;\r\n}\r\n\r\n.card ul li {\r\n  margin: 10px 0;\r\n  border-bottom: 1px solid #ddd;\r\n  padding-bottom: 8px;\r\n  display: flex;\r\n  justify-content: space-between;\r\n  align-items: center;\r\n}\r\n\r\n.card ul li .icon {\r\n  min-width: 20px;\r\n  text-align: right;\r\n}\r\n\r\n.subscribe {\r\n  margin: 0 auto 20px;\r\n  display: inline-block;\r\n  background-color: #ff0000;\r\n  color: #fff;\r\n  padding: 10px 20px;\r\n  border-radius: 25px;\r\n  text-decoration: none;\r\n  font-weight: bold;\r\n  transition: background-color 0.3s ease;\r\n}\r\n\r\n.subscribe:hover {\r\n  background-color: #cc0000;\r\n}\r\n\r\n.highlight {\r\n  background-color: #ff0000;\r\n  color: #fff;\r\n  padding: 5px 10px;\r\n  font-size: 12px;\r\n  border-radius: 12px;\r\n  margin-left: 8px;\r\n}\r\n\r\n.spacer {\r\n  height: 48px;\r\n  margin-bottom: 20px;\r\n}\r\n\r\n.icon svg {\r\n  width: 18px;\r\n  height: 18px;\r\n}\r\n\r\n.price {\r\n  transition: opacity 0.3s ease;\r\n  opacity: 1;\r\n}\r\n\r\n.price.fade {\r\n  opacity: 0;\r\n}\r\n<\/style>\r\n\t\t\t\t<\/div>\n\t\t\t\t<\/div>\n\t\t\t\t\t<\/div>\n\t\t\t\t<\/div>\n\t\t<div class=\"elementor-element elementor-element-3925890b e-flex e-con-boxed e-con e-parent\" data-id=\"3925890b\" data-element_type=\"container\" data-e-type=\"container\">\n\t\t\t\t\t<div class=\"e-con-inner\">\n\t\t\t\t<div class=\"elementor-element elementor-element-4cbcee05 elementor-widget elementor-widget-text-editor\" data-id=\"4cbcee05\" data-element_type=\"widget\" data-e-type=\"widget\" data-widget_type=\"text-editor.default\">\n\t\t\t\t<div class=\"elementor-widget-container\">\n\t\t\t\t\t\t\t\t\t<div class=\"pricing-container\"><p>Choisissez le plan qui vous correspond :<\/p><div class=\"switch\"><button>Mensuel<\/button> <button class=\"active\">Annuel <span class=\"highlight\">-20%<\/span><\/button><\/div><div class=\"pricing-grid\"><p>\n<table id=\"tablepress-14\" class=\"tablepress tablepress-id-14\">\n<thead>\n<tr class=\"row-1\">\n\t<th class=\"column-1\">OFFRES<\/th><th class=\"column-2\">GRATUIT<\/th><th class=\"column-3\">CRYPTO(*)<\/th><th class=\"column-4\">PREMIUM<\/th><th class=\"column-5\">PRO<\/th><th class=\"column-6\">EXPERT<\/th>\n<\/tr>\n<\/thead>\n<tbody class=\"row-striping row-hover\">\n<tr class=\"row-2\">\n\t<td class=\"column-1\"><\/td><td class=\"column-2\"><span class=\"price\">0\u20ac<\/span><\/td><td class=\"column-3\"><span class=\"price\">15 \u20ac TTC \/an<\/span><\/td><td class=\"column-4\"><span id=\"price-premium\" class=\"price\">150 \u20ac TTC\/an<\/span><\/td><td class=\"column-5\"><span id=\"price-pro\" class=\"price\">420 \u20ac TTC\/an<\/span><\/td><td class=\"column-6\"><span class=\"price\">888 \u20ac TTC \/an<\/span><\/td>\n<\/tr>\n<tr class=\"row-3\">\n\t<td class=\"column-1\">Acc\u00e8s au site www.power-trade.fr<\/td><td class=\"column-2\">\u2705<\/td><td class=\"column-3\">\u2705<\/td><td class=\"column-4\">\u2705<\/td><td class=\"column-5\">\u2705<\/td><td class=\"column-6\">\u2705<\/td>\n<\/tr>\n<tr class=\"row-4\">\n\t<td class=\"column-1\">Cha\u00eene YouTube Power-Trade\u200b<\/td><td class=\"column-2\">\u2705<\/td><td class=\"column-3\">\u2705<\/td><td class=\"column-4\">\u2705<\/td><td class=\"column-5\">\u2705<\/td><td class=\"column-6\">\u2705<\/td>\n<\/tr>\n<tr class=\"row-5\">\n\t<td class=\"column-1\">Cha\u00eene YouTube Mati\u00e8re \u00e0 Profit<\/td><td class=\"column-2\">\u2705<\/td><td class=\"column-3\">\u2705<\/td><td class=\"column-4\">\u2705<\/td><td class=\"column-5\">\u2705<\/td><td class=\"column-6\">\u2705<\/td>\n<\/tr>\n<tr class=\"row-6\">\n\t<td class=\"column-1\">Newsletter Power-Trade<\/td><td class=\"column-2\">\u2705<\/td><td class=\"column-3\">\u2705<\/td><td class=\"column-4\">\u2705<\/td><td class=\"column-5\">\u2705<\/td><td class=\"column-6\">\u2705<\/td>\n<\/tr>\n<tr class=\"row-7\">\n\t<td class=\"column-1\">Newsletter Recherche Bay (acc\u00e8s limit\u00e9)<\/td><td class=\"column-2\">\u2705<\/td><td class=\"column-3\">\u2705<\/td><td class=\"column-4\">\u2705<\/td><td class=\"column-5\">\u2705<\/td><td class=\"column-6\">\u2705<\/td>\n<\/tr>\n<tr class=\"row-8\">\n\t<td class=\"column-1\">Application Power Trade (acc\u00e8s limit\u00e9)<\/td><td class=\"column-2\">\u2705<\/td><td class=\"column-3\">\u2705<\/td><td class=\"column-4\">\u2705<\/td><td class=\"column-5\">\u2705<\/td><td class=\"column-6\">\u2705<\/td>\n<\/tr>\n<tr class=\"row-9\">\n\t<td class=\"column-1\">Application Power Trade (note &amp; articles)<\/td><td class=\"column-2\">\u274c<\/td><td class=\"column-3\">\u274c<\/td><td class=\"column-4\">\u2705<\/td><td class=\"column-5\">\u2705<\/td><td class=\"column-6\">\u2705<\/td>\n<\/tr>\n<tr class=\"row-10\">\n\t<td class=\"column-1\">Messagerie instantan\u00e9e Discord<\/td><td class=\"column-2\">\u274c<\/td><td class=\"column-3\">\u274c<\/td><td class=\"column-4\">\u2705<\/td><td class=\"column-5\">\u2705<\/td><td class=\"column-6\">\u2705<\/td>\n<\/tr>\n<tr class=\"row-11\">\n\t<td class=\"column-1\">Alertes sur Discord<\/td><td class=\"column-2\">\u274c<\/td><td class=\"column-3\">\u274c<\/td><td class=\"column-4\">\u2705<\/td><td class=\"column-5\">\u2705<\/td><td class=\"column-6\">\u2705<\/td>\n<\/tr>\n<tr class=\"row-12\">\n\t<td class=\"column-1\">Application Power Trade PRO<\/td><td class=\"column-2\">\u274c<\/td><td class=\"column-3\">\u274c<\/td><td class=\"column-4\">\u274c<\/td><td class=\"column-5\">\u2705<\/td><td class=\"column-6\">\u2705<\/td>\n<\/tr>\n<tr class=\"row-13\">\n\t<td class=\"column-1\">Newsletter Recherche Bay (acc\u00e8s int\u00e9gral)<\/td><td class=\"column-2\">\u274c<\/td><td class=\"column-3\">\u274c<\/td><td class=\"column-4\">\u274c<\/td><td class=\"column-5\">\u2705<\/td><td class=\"column-6\">\u2705<\/td>\n<\/tr>\n<tr class=\"row-14\">\n\t<td class=\"column-1\">Vid\u00e9os priv\u00e9es \u00e0 th\u00e8mes<\/td><td class=\"column-2\">\u274c<\/td><td class=\"column-3\">\u274c<\/td><td class=\"column-4\">\u274c<\/td><td class=\"column-5\">\u2705<\/td><td class=\"column-6\">\u2705<\/td>\n<\/tr>\n<tr class=\"row-15\">\n\t<td class=\"column-1\">Newsletter Recherche Bay (acc\u00e8s Int\u00e9gral)  <\/td><td class=\"column-2\">\u274c<\/td><td class=\"column-3\">\u274c<\/td><td class=\"column-4\">\u274c<\/td><td class=\"column-5\">\u274c<\/td><td class=\"column-6\">\u2705<\/td>\n<\/tr>\n<tr class=\"row-16\">\n\t<td class=\"column-1\">1 heure de coaching inclus<\/td><td class=\"column-2\">\u274c<\/td><td class=\"column-3\">\u274c<\/td><td class=\"column-4\">\u274c<\/td><td class=\"column-5\">\u274c<\/td><td class=\"column-6\">\u2705<\/td>\n<\/tr>\n<tr class=\"row-17\">\n\t<td class=\"column-1\">Acc\u00e8s aux points algorithmiques<\/td><td class=\"column-2\">\u274c<\/td><td class=\"column-3\">\u274c<\/td><td class=\"column-4\">\u274c<\/td><td class=\"column-5\">\u274c<\/td><td class=\"column-6\">\u2705<\/td>\n<\/tr>\n<tr class=\"row-18\">\n\t<td class=\"column-1\">Signaux trading CRYPTO<\/td><td class=\"column-2\">\u274c<\/td><td class=\"column-3\">\u2705<\/td><td class=\"column-4\">\u274c<\/td><td class=\"column-5\">\u274c<\/td><td class=\"column-6\">\u2705<\/td>\n<\/tr>\n<tr class=\"row-19\">\n\t<td class=\"column-1\">Vid\u00e9os priv\u00e9es CRYPTO<\/td><td class=\"column-2\">\u274c<\/td><td class=\"column-3\">\u2705<\/td><td class=\"column-4\">\u274c<\/td><td class=\"column-5\">\u274c<\/td><td class=\"column-6\">\u2705<\/td>\n<\/tr>\n<tr class=\"row-20\">\n\t<td class=\"column-1\"><\/td><td class=\"column-2\"><\/td><td class=\"column-3\"><a id=\"link-crypto\" class=\"subscribe\" href=\"https:\/\/buy.stripe.com\/aFa14n8r7eeS7NJ3FadZ604\" target=\"_blank\" rel=\"noopener\">S&rsquo;abonner<\/a><\/td><td class=\"column-4\"><a id=\"link-premium\" class=\"subscribe\" href=\"https:\/\/buy.stripe.com\/8wMbKT5bv2s6ghy9AA\" target=\"_blank\" rel=\"noopener\">S&rsquo;abonner<\/a><\/td><td class=\"column-5\"><a id=\"link-pro\" class=\"subscribe\" href=\"https:\/\/buy.stripe.com\/9B68wPfTz1s65FB7VqdZ601\" target=\"_blank\" rel=\"noopener\">S&rsquo;abonner<\/a><\/td><td class=\"column-6\"><a id=\"link-expert\" class=\"subscribe\" href=\"https:\/\/buy.stripe.com\/9B6bJ1cHn4Ei4Bxb7CdZ605\" target=\"_blank\" rel=\"noopener\">S&rsquo;abonner<\/a><\/td>\n<\/tr>\n<\/tbody>\n<\/table>\n<!-- #tablepress-14 from cache --><\/p><\/div><\/div>\t\t\t\t\t\t\t\t<\/div>\n\t\t\t\t<\/div>\n\t\t\t\t\t<\/div>\n\t\t\t\t<\/div>\n\t\t<div class=\"elementor-element elementor-element-adfddab e-flex e-con-boxed e-con e-parent\" data-id=\"adfddab\" data-element_type=\"container\" data-e-type=\"container\">\n\t\t\t\t\t<div class=\"e-con-inner\">\n\t\t\t\t<div class=\"elementor-element elementor-element-e4d0550 elementor-widget elementor-widget-text-editor\" data-id=\"e4d0550\" data-element_type=\"widget\" data-e-type=\"widget\" data-widget_type=\"text-editor.default\">\n\t\t\t\t<div class=\"elementor-widget-container\">\n\t\t\t\t\t\t\t\t\t<p>(*) <strong>Power Trade Crypto<\/strong> \u2013 \u00c9pargner simplement en Bitcoin Power Trade Crypto est une cha\u00eene d\u00e9di\u00e9e \u00e0 celles et ceux qui souhaitent \u00e9pargner intelligemment en crypto-actifs, sans complexit\u00e9 ni sp\u00e9culation excessive. Notre conviction est simple : <img decoding=\"async\" class=\"emoji\" style=\"background-color: #ffffff;\" role=\"img\" draggable=\"false\" src=\"https:\/\/s.w.org\/images\/core\/emoji\/17.0.2\/svg\/1f449.svg\" alt=\"\ud83d\udc49\" \/> \u00e9pargner 50 \u20ac par mois, r\u00e9guli\u00e8rement, <img decoding=\"async\" class=\"emoji\" style=\"background-color: #ffffff;\" role=\"img\" draggable=\"false\" src=\"https:\/\/s.w.org\/images\/core\/emoji\/17.0.2\/svg\/1f449.svg\" alt=\"\ud83d\udc49\" \/> les injecter dans un portefeuille crypto centr\u00e9 sur le Bitcoin (BTC), <img decoding=\"async\" class=\"emoji\" style=\"background-color: #ffffff;\" role=\"img\" draggable=\"false\" src=\"https:\/\/s.w.org\/images\/core\/emoji\/17.0.2\/svg\/1f449.svg\" alt=\"\ud83d\udc49\" \/> et laisser le temps, la discipline et la r\u00e9gularit\u00e9 faire leur travail. Ici, pas de promesses irr\u00e9alistes, pas de trading fr\u00e9n\u00e9tique. Nous mettons en avant une approche accessible \u00e0 tous, bas\u00e9e sur :<\/p><ul><li>\u00a0L\u2019investissement progressif.<\/li><li>La gestion du risque.<\/li><li>La vision long terme.<\/li><li>La compr\u00e9hension des cycles du Bitcoin.<\/li><\/ul><p><img decoding=\"async\" class=\"emoji\" role=\"img\" draggable=\"false\" src=\"https:\/\/s.w.org\/images\/core\/emoji\/17.0.2\/svg\/1f3af.svg\" alt=\"\ud83c\udfaf\" \/> Objectif de la cha\u00eene Permettre \u00e0 chacun :\u00a0<\/p><ul><li>De d\u00e9marrer avec un petit montant mensuel Power Trade Crypto, c\u2019est l\u2019id\u00e9e que 50 \u20ac par mois peuvent changer une trajectoire financi\u00e8re, \u00e0 condition d\u2019avoir une m\u00e9thode, de la discipline\u2026 et du temps.<\/li><\/ul>\t\t\t\t\t\t\t\t<\/div>\n\t\t\t\t<\/div>\n\t\t\t\t\t<\/div>\n\t\t\t\t<\/div>\n\t\t\t\t<\/div>\n\t\t","protected":false},"excerpt":{"rendered":"<p>Choisissez le plan qui vous correspond : Mensuel Annuel -20% (*) Power Trade Crypto \u2013 \u00c9pargner simplement en Bitcoin Power Trade Crypto est une cha\u00eene d\u00e9di\u00e9e \u00e0 celles et ceux qui souhaitent \u00e9pargner intelligemment en crypto-actifs, sans complexit\u00e9 ni sp\u00e9culation excessive. Notre conviction est simple : \u00e9pargner 50 \u20ac par mois, r\u00e9guli\u00e8rement, les injecter dans [&hellip;]<\/p>\n","protected":false},"author":1,"featured_media":0,"parent":0,"menu_order":0,"comment_status":"closed","ping_status":"closed","template":"elementor_header_footer","meta":{"om_disable_all_campaigns":false,"_monsterinsights_skip_tracking":false,"_monsterinsights_sitenote_active":false,"_monsterinsights_sitenote_note":"","_monsterinsights_sitenote_category":0,"ocean_post_layout":"","ocean_both_sidebars_style":"","ocean_both_sidebars_content_width":0,"ocean_both_sidebars_sidebars_width":0,"ocean_sidebar":"","ocean_second_sidebar":"","ocean_disable_margins":"enable","ocean_add_body_class":"","ocean_shortcode_before_top_bar":"","ocean_shortcode_after_top_bar":"","ocean_shortcode_before_header":"","ocean_shortcode_after_header":"","ocean_has_shortcode":"","ocean_shortcode_after_title":"","ocean_shortcode_before_footer_widgets":"","ocean_shortcode_after_footer_widgets":"","ocean_shortcode_before_footer_bottom":"","ocean_shortcode_after_footer_bottom":"","ocean_display_top_bar":"default","ocean_display_header":"default","ocean_header_style":"","ocean_center_header_left_menu":"","ocean_custom_header_template":"","ocean_custom_logo":0,"ocean_custom_retina_logo":0,"ocean_custom_logo_max_width":0,"ocean_custom_logo_tablet_max_width":0,"ocean_custom_logo_mobile_max_width":0,"ocean_custom_logo_max_height":0,"ocean_custom_logo_tablet_max_height":0,"ocean_custom_logo_mobile_max_height":0,"ocean_header_custom_menu":"","ocean_menu_typo_font_family":"","ocean_menu_typo_font_subset":"","ocean_menu_typo_font_size":0,"ocean_menu_typo_font_size_tablet":0,"ocean_menu_typo_font_size_mobile":0,"ocean_menu_typo_font_size_unit":"px","ocean_menu_typo_font_weight":"","ocean_menu_typo_font_weight_tablet":"","ocean_menu_typo_font_weight_mobile":"","ocean_menu_typo_transform":"","ocean_menu_typo_transform_tablet":"","ocean_menu_typo_transform_mobile":"","ocean_menu_typo_line_height":0,"ocean_menu_typo_line_height_tablet":0,"ocean_menu_typo_line_height_mobile":0,"ocean_menu_typo_line_height_unit":"","ocean_menu_typo_spacing":0,"ocean_menu_typo_spacing_tablet":0,"ocean_menu_typo_spacing_mobile":0,"ocean_menu_typo_spacing_unit":"","ocean_menu_link_color":"","ocean_menu_link_color_hover":"","ocean_menu_link_color_active":"","ocean_menu_link_background":"","ocean_menu_link_hover_background":"","ocean_menu_link_active_background":"","ocean_menu_social_links_bg":"","ocean_menu_social_hover_links_bg":"","ocean_menu_social_links_color":"","ocean_menu_social_hover_links_color":"","ocean_disable_title":"default","ocean_disable_heading":"default","ocean_post_title":"","ocean_post_subheading":"","ocean_post_title_style":"","ocean_post_title_background_color":"","ocean_post_title_background":0,"ocean_post_title_bg_image_position":"","ocean_post_title_bg_image_attachment":"","ocean_post_title_bg_image_repeat":"","ocean_post_title_bg_image_size":"","ocean_post_title_height":0,"ocean_post_title_bg_overlay":0.5,"ocean_post_title_bg_overlay_color":"","ocean_disable_breadcrumbs":"default","ocean_breadcrumbs_color":"","ocean_breadcrumbs_separator_color":"","ocean_breadcrumbs_links_color":"","ocean_breadcrumbs_links_hover_color":"","ocean_display_footer_widgets":"default","ocean_display_footer_bottom":"default","ocean_custom_footer_template":"","ofc_meta_disable_footer_callout":"","ofc_meta_callout_button_url":"","ofc_meta_callout_button_txt":"","ofc_meta_callout_text":"","ofc_enable_fullscreen":"disable","ofc_fullscreen_speed":0,"ofc_fullscreen_nav":"enable","ofc_fullscreen_nav_pos":"right","ofc_fullscreen_nav_color":"","ofc_fullscreen_nav_tooltip_color":"","ofc_fullscreen_responsive":0,"osp_disable_panel":"default","osh_disable_topbar_sticky":"default","osh_disable_header_sticky":"default","osh_sticky_header_style":"default","osh_sticky_header_effect":"","osh_custom_sticky_logo":0,"osh_custom_retina_sticky_logo":0,"osh_custom_sticky_logo_height":0,"osh_background_color":"","osh_links_color":"","osh_links_hover_color":"","osh_links_active_color":"","osh_links_bg_color":"","osh_links_hover_bg_color":"","osh_links_active_bg_color":"","osh_menu_social_links_color":"","osh_menu_social_hover_links_color":"","footnotes":""},"class_list":["post-5371","page","type-page","status-publish","hentry","entry"],"_links":{"self":[{"href":"https:\/\/www.powertrade.fr\/index.php\/wp-json\/wp\/v2\/pages\/5371","targetHints":{"allow":["GET"]}}],"collection":[{"href":"https:\/\/www.powertrade.fr\/index.php\/wp-json\/wp\/v2\/pages"}],"about":[{"href":"https:\/\/www.powertrade.fr\/index.php\/wp-json\/wp\/v2\/types\/page"}],"author":[{"embeddable":true,"href":"https:\/\/www.powertrade.fr\/index.php\/wp-json\/wp\/v2\/users\/1"}],"replies":[{"embeddable":true,"href":"https:\/\/www.powertrade.fr\/index.php\/wp-json\/wp\/v2\/comments?post=5371"}],"version-history":[{"count":14,"href":"https:\/\/www.powertrade.fr\/index.php\/wp-json\/wp\/v2\/pages\/5371\/revisions"}],"predecessor-version":[{"id":5417,"href":"https:\/\/www.powertrade.fr\/index.php\/wp-json\/wp\/v2\/pages\/5371\/revisions\/5417"}],"wp:attachment":[{"href":"https:\/\/www.powertrade.fr\/index.php\/wp-json\/wp\/v2\/media?parent=5371"}],"curies":[{"name":"wp","href":"https:\/\/api.w.org\/{rel}","templated":true}]}}